 - (-22 - 6))
47
Calculate 39 + -40 + (2 - (-23 + 11)).
13
19 + 14 + -70 + (0 - -23)
-14
Evaluate -47 + (30 - 16 - 7) + 3.
-37
What is (0 - -9) + (-357 + 372 - (0 - 29))?
53
What is the value of -1 + -21 + 49 + 3 + -29?
1
(28 - 18) + -16 + 23 + 9
26
Calculate -28 - (-1 - (15 - 29 - -24)).
-17
Evaluate (56 - (56 - 30) - 105) + (18 - -1).
-56
Calculate (-40 - -12) + 36 + 31.
39
What is the value of -31 - (-15 + 3 + (-42 - -59))?
-36
Calculate (11 - (0 - (9 - 3))) + 94 - -2.
113
Evaluate 53 - (92 + -90 + 44).
7
What is -42 + 2 + (-751 - -797) - (0 - (-1 + 11))?
16
Evaluate (-54 + 43 - -5 - (2 + -25)) + -17.
0
What is (-13 + 16 - 8) + (10 - 66)?
-61
Calculate -1 + -65 + -129 + (449 - 302).
-48
Calculate (-12 - (22 - 39)) + -17 + 134.
122
Calculate -10 - (-13 - (3 - 0) - (-87 - -91)).
10
-115 + 124 - (-100 - (-14 + 17 - (-2 - -1)))
113
Evaluate -2 - -4 - (2 + -41 - (201 - 206)).
36
What is 7 - 3 - ((47 - 34 - 7) + (-1 - -128))?
-129
What is (-3 - (16 - 2)) + -707 + 772?
48
Evaluate -21 - 21 - -48 - (3 + -7 + -99).
109
Calculate -46 + 36 + 9 + -21 + 3.
-19
What is (219 - 160) + (3 - (-13 + 42))?
33
What is the value of (13 - 47 - -22 - 33) + 20?
-25
Evaluate 22 - 24 - ((1 - 13) + -6 + (-13 - -13)).
16
What is -14 - (-19 - (-24 + 46))?
27
14 - (0 - ((-19 - -3) + 33)) - (7 + 1)
23
-175 + 138 - -19 - (-2 + -127)
111
Evaluate -1 + 10 - ((-1 - (-17 - -19)) + -27).
39
7 + -5 - (-285 + 293)
-6
Evaluate -79 + (41 - 46 - -182).
98
What is the value of (-5 + 8 - 14) + -12 + -6 + 31 - -116?
118
(41 + 0 - 41) + 59
59
Evaluate -2 - -7 - ((31 - (-36 + 24)) + -4 + 15).
-49
What is the value of 5 + (-6 - (-40 + (-14 + 2 - -3))) + -10?
38
Calculate -58 + (1 - (-110 - -55)).
-2
What is -1055 + 1024 + 0 + 39?
8
-1 + -6 - -2 - (203 + -109)
-99
What is the value of (-53 - (-11 - ((1 - -4) + -7))) + (-8 - -14)?
-38
Calculate (1 + -5 - -12) + 6 + -9.
5
Calculate -6 + 18 + 6 + 2 + -9 + -64.
-53
Calculate -4 + -107 + (-1 - 1 - (31 + -132 - -96)).
-108
What is the value of 25 + -1 - (-4 + -6 + 13)?
21
What is -5 + -11 - (-130 - -57)?
57
(-5033 - -5009) + 0 + 0 + -69
-93
What is 53 + 17 + (-24 - (20 + -9))?
35
Calculate -45 + (26 - 19 - (8 + -1 + (22 - 16))).
-51
Evaluate (25 - 3) + (23 + -83 - -28).
-10
Evaluate 57 + 2 + -21 + 19 + 5 + -3 + 3.
62
Evaluate -54 + 33 + -55 + 3.
-73
Evaluate -26 + 4 - (289 + -341).
30
115 - ((3 - (28 + -20)) + -2 + (0 - -8))
114
(6 - (-5 - 6 - -11) - 9 - -39) + 12
48
What is -5 + 51 - (-7 + 22)?
31
(-6 - (-7 - -5)) + (-86 - -89) - -7
6
What is (-1689 - -1695) + (91 - (5 + -3))?
95
(21 - (14 - 20)) + -19 + -80
-72
What is 1066 + -1025 - (-2 + 120)?
-77
What is -52 - ((11 - 0) + (-1 - 10) + -53 + 66)?
-65
-12 - (60 - 12 - 73)
13
What is -2 + 24 - (-78 + 122)?
-22
What is the value of -4315 + 4297 - ((-3 - -34) + 1)?
-50
Calculate 1 + -4 + 1 + (22 + 0 - -4 - 17).
7
What is 57 + (2 - -9 - (-4 + (24 - 15))) + 4?
67
What is the value of 1 - -2 - (-6 + (-33 - -4) - (12 - 19))?
31
6 + (-52 - -43) - 11
-14
What is 50 + 1 + (521 - 614)?
-42
Calculate (-55 - 18) + 27 + 10 + (1 - -12).
-23
Evaluate (35 + -24 - (26 + -4)) + (-67 - -64).
-14
(-4 - (9 - (-21 - -28))) + (3 - 3)
-6
What is the value of (-31 - -7 - -47) + (-9 - 25) + 7?
-4
What is the value of 11 - (-48 + -2) - (50 + -29)?
40
(5 - -1) + (-71 - (20 + (24 - 81)))
-28
What is the value of 17 + (70 + -18 - 71)?
-2
What is the value of (-111 - (-28 + -19)) + 56?
-8
What is (-1 - 33) + (1 - 12) + 182 + -169?
-32
1337 + -1302 + -21 + -1
13
66 + -7 + -67 - -19
11
What is the value of (626 + -429 - 170) + 0 + 0 + 7?
34
Evaluate -11 - (2 + -21 - (10 - (-12 - -14))).
16
What is 33 - (-10 + (41 - 39))?
41
31 + (-46 + (21 - 10) - -22)
18
515 - 585 - (1 - 24) - (10 - 0)
-57
What is -123 + 11 + (13 - 7) + -2 + -6?
-114
Calculate -21 + 27 + (-5 + -23 - -13) + -39 - -5.
-43
What is -1 + ((-92 - -89) + 1 + 3 - 4) + -9?
-13
Calculate 25 - (-115 + 59 - -113).
-32
Calculate -144 + -11 - (24 + -63 + -2).
-114
Evaluate 5 - (-9 - -7) - 11 - (-5 + 1) - -39.
39
Calculate (16 - (-1 + 43 - 21)) + -6.
-11
What is the value of 44 - (-44 + 8 - -115)?
-35
Calculate -96 + -41 + 61 + 20.
-56
What is the value of -15 + (-5 + (6 - 16 - 70) - 8)?
-108
What is the value of 29 + -36 - -11 - (-36 + -2)?
42
Evaluate -56 + 28 + 51 + -5.
18
What is (18 - (6 + -9 + 5 + 7)) + (-28 - 8)?
-27
Calculate (-16 - -1) + 1 + (327 + -579 - -303).
37
Evaluate -15 - (-20 + 11 + -32 - (-1 + -21)).
4
What is the value of (-229 - -228) + (1 - 12)?
-12
What is the value of 115 + -95 - (1 + 3 - 7)?
23
Calculate 9 + -8 + 16 + -2 + -6 - (10 + -76).
75
Evaluate -111 + 97 + -11 + -19.
-44
What is the value of (74 - 26 - 69) + -7 + -2?
-30
What is -38 - (-45 + -8 + 63)?
-48
Calculate (10 - 28) + 16 + (3 - 10) + 0.
-9
Evaluate (33 - 26) + -12 + -1 - -6 - (-5 - 0).
5
Calculate 70 - ((-10 - -29) + 70).
-19
(18 - (-2 + (3 - 1))) + -7567 + 7609
60
Evaluate -4 + -36 + 6 + -5 + -4 + 8.
-35
-52 - ((-2 - (-9 + (1 - -17))) + 26)
-67
Evaluate (2 - -8) + (-11 - (-18 + 26 + -20)).
11
(56 - (13 - (6 + 0 + 4)) - -1) + -2
52
-162 - -111 - (-2 + (1 - 29))
-21
What is (-17 - -1) + 64 + 0 + -4?
44
What is (3 - (-8 + -2)) + -2 - (-49 - -69) - 115?
-124
Calculate (-13 - (54 + -86)) + 72 + -1.
90
What is the value of -27 + -31 + -28 - -40?
-46
Calculate -33 - (-4 - -7) - (-10 + 6) - (5 - 15).
-22
Evaluate -85 + (-1 + 3 - 14 - -3) + (-2120 - -2122).
-92
Calculate -14 - ((-378 - -365) + -2 + -2 + -27).
30
(-1 - -3) + -126 + 202 + -155
-77
(-5 + -27 - (-3 + -18)) + -24
-35
What is -3642 + 3722 + (0 + -17 - -1) + 12?
76
21 - (8 + -2) - -4 - (-19 + 32)
6
What is the value of -12 + 88 - (-65 - -65 - (21 - -2))?
99
What is 46 - (2 + -17 + -23 + 31 + 3 + 12)?
38
Calculate (2 - 15) + 42 + (152 - 197).
-16
9 + (-42 - -35 - (3 + -4)) - 8
-5
Calculate 24 + -25 + 4 + (-1 - -40).
42
What is -14 + 162 + -252 + 115?
11
Calculate 73 + 77 + -26 + -15.
109
What is (58 - (20 + -10)) + -39?
9
Calculate -26 + 2 + -1422 + 1355.
-91
Evaluate 38 + -2 + -24 + 114 + -80.
46
(-75 - -21 - -84) + -27
3
Evaluate 3 + 2 + (37 + -58 - (1 + 5)).
-22
What is the value of 7 + 1 + 2 + -144 + (94 - 29)?
-69
What is (-59 - (-89 + 77)) + 67?
20
What is 14 - (-5 + 10 + -13 - 11)?
33
Calculate -32 + -1 - (-8285 + 8264).
-12
Calculate (1 - -10) + 1 + -65 + 81.
28
What is -2716 - -2727 - (-1 - -3 - -33)?
-24
Calculate (-147 - -143) + -13 + 59 + -3 + 5.
44
214 - (-105 + -49 + 235)
133
What is the value of ((3 - 4) + 1 - 0) + -31 + 16?
-15
Calculate -117 + 146 + -4 + (16 - -4).
45
Calculate 0 + (-13 - -7) + (-1 - -18) + -59 + 154.
106
What is the value of 527 + -441 - (8 - -23 - 6)?
61
Evaluate -4 + -86 - 86 - -91.
-85
What is the value of 177 + 13 - 62 - (5 + -6)?
129
Evaluate 22 + (-17 - -11) + -14 + 55.
57
-37 - (-60 + -23 + 41)
5
Calculate -9 - (0 - 18 - -11) - -13 - 54.
-43
-52 - (4 - ((-1 - (-14 - (-12 + 9))) + -1))
-47
What is -16 - (-2 + -18 - (368 - 387))?
-15
Calculate (4 - (-43 + 18)) + (-13 - 7).
9
What is (1 - 153) + (362 - 369) + 28?
-131
What is -81 + (115 - (3 + 74))?
-43
-51 - -61 - (3 + -5 + 6) - (-1 - 70)
77
What is (-88 + 0 - 0) + 4 - (-9 + (-40 - -33))?
-68
-19 + -2 - (-130 + 109 + 83)
-83
What is the value of (42 - -78) + -60 + 4?
64
What is -86 + (73 - -103) + -106?
-16
What is 0 - 95 - (-142 - -81)?
-34
-122 - -316 - 213 - (-14 - 1)
-4
What is 2 + 91 + 87 - 92?
88
What is the value of 9 + (-23 + 137 - (-2 + 21)) + -20?
84
What is -4 + 18 + -39 + (17 - -7)?
-1
Calculate -14 + (-19 - -39 - -9) - 89.
-74
What is 136 + -2 + (39 - (90 - 42))?
125
What is 11 - (12 + 1 + 6 + -13 - 18)?
23
Calculate 30 + -6 - (-2 + -33 - -32).
27
What is the value of 66 - ((-11 - 6 - -48) + -8)?
43
Evaluate -103 - (-66 - -34) - (1 + -19).
-53
Calculate -45 + -1 + (3 - ((-8 - -7) + -7)).
-35
Evaluate 1 - 8 - 0 - (-1 + (82 - 3) + -20).
-65
What is -6 + (11 - -57) + -62?
0
Calculate (6680 - 6665) + (-1 - -1 - 1 - -15).
29
(-32 - -23) + (0 - 21 - 1) + 1 + 2
-28
Evaluate 6 + 16 + -5 + (-163 - -62) + -5.
-89
Evaluate 10 + -11 - (4 + 12 + -2 + (-6 - -10)).
-19
What is the value of 2 - -34 - (-96 + 140) - (2 - 88)?
78
Calculate 1 - 5 - 3 - (1 - (-21 - -22)) - -39.
32
What is the value of -10 + -4 + 66 - 14 - 5?
33
-29 - (18 - 40 - -57)
-64
Evaluate -86 - -89 - -53 - 103.
-47
What is 34 - 9 - (157 - 112)?
-20
What is the value of 79 